ed by 2/(-10) + s/15?
6
Suppose 4*q + 13*a - 10*a - 704 = 0, 8*a - 64 = 0. Suppose -6*k + 88 = -2*k. What is the remainder when q is divided by k?
16
Suppose 7*c - 5095 + 1973 = 0. Suppose 451*o - 270 = c*o. What is the remainder when o is divided by 39?
15
Let v(h) = 4*h**3 + 9*h**2 - h - 34. What is the remainder when 926 is divided by v(2)?
30
Suppose -2*y + u = 8 - 62, 0 = u. Suppose -2*o - 10 = -n, -n + 5*o = -5*n + y. Let i = -13026 + 13030. Calculate the remainder when n is divided by i.
0
Let j = 36203 - 35993. What is the remainder when 442 is divided by j?
22
Let s(t) = 4*t**2 + 14*t + 6. Let g be s(-13). Suppose -4*x + 5*n = -g, -x + 4*x - 368 = 2*n. Calculate the remainder when x is divided by 1 + 20/(-6)*-12.
38
Suppose -k = -3*k - o + 170, k - 4*o = 94. Calculate the remainder when 186 is divided by k.
14
Let z be 6/(-9) + 356/(-6). Suppose 5*c - 4*n - 309 - 27 = 0, -3*n = c - 71. Let y = z + c. What is the remainder when y is divided by 6?
2
Let s(h) = 7*h**2 + 15*h - 116. Calculate the remainder when 2015 is divided by s(4).
55
Let v = -1 - -52. Suppose 8*j - 93 = v. Calculate the remainder when 82*(-1)/((-4)/6) is divided by j.
15
Let n(c) = -c**3 - 26*c**2 - 5*c + 90. Calculate the remainder when n(-26) is divided by 44.
0
Let o(s) be the first derivative of s**4/4 - 25*s**3/3 + 11*s**2 + 59*s + 134. What is the remainder when 19 is divided by o(24)?
8
Let f = -41 - -51. Calculate the remainder when (21 - 28)*(-51)/21 is divided by f.
7
Let t = -3583 + 3650. Let c be (4/6)/((-4)/6). Calculate the remainder when t is divided by (-23 + 1 + c)*-1.
21
Let q = -369 + 360. Let v(w) = w**3 + 15*w**2 + 5*w - 10. What is the remainder when v(q) is divided by 8?
7
Let b be (2440/6)/(-4) - 2/6. Let d = b - -132. Calculate the remainder when 57 is divided by d.
27
Let c(w) = -16*w**3 - 3*w - 2. Suppose 46*d = -33*d + 2133. Calculate the remainder when d is divided by c(-1).
10
Let z(t) be the second derivative of t**4/3 - 10*t**3 + 6*t**2 - 14*t + 2. What is the remainder when 874 is divided by z(15)?
10
Suppose -1344 + 23416 = 124*i. What is the remainder when 701 is divided by i?
167
Let i(h) = 63*h - 5577. What is the remainder when 508 is divided by i(89)?
28
Let u = 15537 - 15484. Calculate the remainder when 464 is divided by u.
40
Suppose -8*t + 8 = -2*b, -2*b - 313*t = -315*t - 16. Calculate the remainder when 667 is divided by b.
7
Let g = -245 + 357. Suppose -o = -5*a + 161, 19*o - g = -4*a + 24*o. Calculate the remainder when 114 is divided by a.
15
Let i be -6*4/(-72)*(-1 + 49). Suppose -i*u - 930 = -18*u. Calculate the remainder when u is divided by 39.
36
Suppose s + 12832 = 12845. What is the remainder when (-385)/(-22)*36/10 is divided by s?
11
Let l(t) = -t**3 - 5*t**2 - t - 1. Let g be l(-5). Let i be ((-43)/4)/(3/g)*-30. Suppose -4*j + 9*j - i = 0. Calculate the remainder when j is divided by 15.
11
Suppose -10 = 5*q - 110. Let l = -19 + q. Suppose 0 = -5*o + 106 - l. What is the remainder when 41 is divided by o?
20
Let c = -9343 - -9708. Calculate the remainder when c is divided by 15.
5
Let i(c) = c**3 + 21*c**2 - 21*c + 47. Let z be (-3 - -6) + 1 + (-3 - 23). What is the remainder when 58 is divided by i(z)?
8
Calculate the remainder when 1109 is divided by 5*(3/5)/((-24)/(-296)).
36
Suppose 5*x + 675 = 160. Let l = 170 + x. Let i = -47 + l. What is the remainder when 219 is divided by i?
19
Let w = 221 + -210. What is the remainder when 20 is divided by ((-9)/6)/(-2 - w/(-6))?
2
Let a = 10 + -10. Suppose 4*p - 23 = -u - 0*u, a = 2*u - 2*p - 6. What is the remainder when -10*3/(-6) + 21 + -1 is divided by u?
4
Let c be (2*1)/(15/480). Suppose -66*n = -c*n. Suppose 0*t + t = 2*z + 21, n = -4*z + 8. What is the remainder when t is divided by 7?
4
Let x(r) = 24*r**2 - 15*r + 5. Let d be x(6). What is the remainder when (-184)/(-1012) - (d/(-11) + 0) is divided by 18?
17
Let t be 23/(-2*(-2)/12). Let h = -14 + 17. Suppose -w + 113 = 4*p + 2*w, 0 = -h*p + 3*w + t. What is the remainder when p is divided by 16?
10
Let p = 231 + -5. Let k(l) = -16*l - 621. What is the remainder when p is divided by k(-40)?
17
Let w = 7165 + -7035. Calculate the remainder when 299 is divided by w.
39
What is the remainder when (-8)/6*(470*2/(-4) + -5) is divided by 158?
4
What is the remainder when 18993/117 - 30/9 is divided by 5?
4
Let r(i) = i**3 - 21*i**2 - 152*i - 145. Suppose 4*s - 8*s = -192. What is the remainder when r(27) is divided by s?
29
Suppose -32*n = 3*n - 350. Suppose 2*r + 4*g - 20 = 0, -g + 6*g - n = -r. What is the remainder when 158 is divided by r?
8
Suppose -168*s - 2102 + 3579 = -3563. What is the remainder when 1848 is divided by s?
18
Suppose 0 = r - 2, r - 338 = 3*h - 3*r. Let c = -65 - h. What is the remainder when c is divided by 28?
17
Let k be (1/(-5))/(2/5)*-4. Suppose -d + 20 = 5*f, -k = f + 2. What is the remainder when d is divided by 7?
5
Let k = 747 + -737. What is the remainder when 0 + (17 - 13)*2*k is divided by 25?
5
Calculate the remainder when 1020 is divided by (-2)/25 + 35945/875.
36
Let h = -2289 - -2502. Let t = 41 + -29. Calculate the remainder when h is divided by t.
9
Suppose -51 = -m + 39. Let b(o) = 8*o**2 - 5*o + 39. Let n be b(4). Suppose 69 = -6*t + n. What is the remainder when m is divided by t?
12
Calculate the remainder when 619 is divided by 4512/(-8272) - ((-6987)/44 - (-1)/4).
145
Let d be (-1 - -2)*(6 + 2). Let q be (-377)/(-3) + d/(-12). Suppose -23 + q = 5*v - 2*t, -4*v + 5*t = -68. What is the remainder when 43 is divided by v?
21
Let k = -8339 - -9806. What is the remainder when k is divided by 489?
0
Let a = 75 + -67. Suppose -a*c + 2271 - 559 = 0. Calculate the remainder when c is divided by 44.
38
Suppose 3*h = 2*t - 287, 4*t + 3*h - 203 - 380 = 0. Calculate the remainder when 454 is divided by t.
19
Let p(g) = -g**3 - 6*g**2 - g - 2. Let h be p(-6). Let s(v) = -v**3 + 4*v**2 + 2*v - 5. What is the remainder when 1*((-195)/13 - -19) is divided by s(h)?
1
Let n(t) = -t**3 - 22*t**2 - 16*t - 104. What is the remainder when n(-22) is divided by 140?
108
Let g = -2327 - -2338. Calculate the remainder when (0 + -8)/((-5)/40) is divided by g.
9
Let j = 733 - 728. Suppose -5*s - x + 71 = s, 0 = -2*s - j*x + 19. Calculate the remainder when 32 is divided by s.
8
What is the remainder when 394 is divided by (-3 + 1)*((-2)/(-3))/(14/(-504))?
10
What is the remainder when 10*179*9/(-225)*-10 is divided by 52?
40
Suppose 2*b = -b + 126. Let a(p) be the third derivative of -41*p**4/24 - p**3/6 - 34*p**2. What is the remainder when a(-3) is divided by b?
38
Suppose -h - 1890*j = -1895*j - 25, j + 173 = 3*h. What is the remainder when 180 is divided by h?
0
Let s = -776 + 779. Suppose i = -0*i + u + 19, -s*u + 104 = 4*i. Calculate the remainder when 57 is divided by i.
11
Let c(t) = 49*t - 1. Let w(z) = -z**3 + 2*z**2 + 37*z - 2. Let a be w(7). What is the remainder when c(2) is divided by 0/(-7) + (-56)/a*-3?
13
Let c = 101 + 13. What is the remainder when c is divided by 161/(26 + 5 - 24)?
22
Let y be (5/(-2) - -2)*-228. Let q = y - 82. Calculate the remainder when 39 is divided by q.
7
Suppose -u = d - 40, -4*u - d + 163 = 12. What is the remainder when 1*-2 + 44*5 is divided by u?
33
Let h(b) = b**3 + 7*b**2 + 2*b - 5. Let t be h(-6). Let o(l) = 12 - 37 - 4 + l + 15. Calculate the remainder when 48 is divided by o(t).
3
Let z = 68 + -67. Let h be (5/(-5))/(4/(-3) + z). Suppose -5*j + 115 = -2*y, 25 = 2*y + h*y. What is the remainder when j is divided by 15?
10
Let f = 28542 - 24647. Calculate the remainder when f is divided by 353.
12
Let q(r) = 4*r + 31. Let v be -20*-5*(-2)/25 + 2. Suppose 2*y - 9 = 2*b + 5, -4*y + 3*b = -24. What is the remainder when q(v) is divided by y?
1
Suppose 21*z = 17*z + 244. Suppose -3*i + 179 = -z. Calculate the remainder when i is divided by 48.
32
Let y be (95 + 0)*(1 + 2). Let j = 296 - y. Calculate the remainder when j is divided by 2.
1
Calculate the remainder when 202 is divided by (-180)/(-330) + 675/33.
13
Let i be (1 + 1)/(1587/(-227) - -7). Let v = -203 + i. What is the remainder when v is divided by 7?
3
Let r = 17582 - 16920. Calculate the remainder when r is divided by 30.
2
What is the remainder when 1360 is divided by -1*(-6 - -14